is 14401 - -211?
20112
In base 16, what is 3a2 + -2?
3a0
In base 16, what is 1 + -49a2?
-49a1
In base 15, what is 19 - 5342?
-5328
In base 13, what is -4 + 13c49?
13c45
In base 6, what is -5 + -20015241?
-20015250
In base 13, what is 18467b + -3?
184678
In base 14, what is -3721 - -12?
-370d
In base 9, what is -4124 + 18?
-4105
In base 16, what is -26 + -df6b?
-df91
In base 13, what is acc + 2a?
b29
In base 15, what is -5c6b + 10?
-5c5b
In base 5, what is 0 - 13423?
-13423
In base 8, what is 37644 - -23?
37667
In base 11, what is 549 + 245?
793
In base 12, what is 489779 - 5?
489774
In base 15, what is 2bcd0 + 3?
2bcd3
In base 8, what is 4507732 - 1?
4507731
In base 16, what is -17 + 2922?
290b
In base 3, what is -2211002211 + -10?
-2211002221
In base 2, what is -101101101011110000 - -10?
-101101101011101110
In base 2, what is 11110110110101001 - -1010?
11110110110110011
In base 13, what is 22 + 2267?
2289
In base 16, what is -3 - -15bca?
15bc7
In base 14, what is -346 + -22?
-368
In base 16, what is -6437 + 2?
-6435
In base 13, what is -5 - 1760?
-1765
In base 2, what is -1111101010100001 + 11?
-1111101010011110
In base 11, what is 4 + -98719?
-98715
In base 12, what is -6 + 89b2?
89a8
In base 11, what is -6 + 107562?
107557
In base 8, what is 2 + 6327?
6331
In base 9, what is -6236 - -74?
-6152
In base 11, what is 59928 - 4?
59924
In base 14, what is -3b93 - -a9?
-3ac8
In base 7, what is -106526 + -3?
-106532
In base 3, what is 0 - -112210200110?
112210200110
In base 5, what is -101 + 212024?
211423
In base 6, what is -1422 + 43220?
41354
In base 3, what is 1020202121 - -20?
1020202211
In base 6, what is 125211 - 35?
125132
In base 13, what is -5021 + -18?
-5039
In base 3, what is 210011102 - 101?
210011001
In base 4, what is 121111 - 20?
121031
In base 14, what is -1d3 - -14?
-1bd
In base 13, what is 211b - -1b0?
22cb
In base 5, what is -130112 + -12?
-130124
In base 6, what is -3 - 500223?
-500230
In base 12, what is -30 + -8a?
-ba
In base 4, what is -2203121 - -1?
-2203120
In base 6, what is 51153 + 21?
51214
In base 2, what is -111000100111100101 - -1?
-111000100111100100
In base 8, what is 15 - -336?
353
In base 10, what is -860 + 615?
-245
In base 8, what is 41623 + -1?
41622
In base 14, what is 22dc0 + -4?
22dba
In base 4, what is 20 + -2200131?
-2200111
In base 7, what is -54513 + -6?
-54522
In base 9, what is -1134 + 532?
-502
In base 10, what is -22 - 3826?
-3848
In base 12, what is -401 + 217?
-1a6
In base 5, what is -10214 + 121?
-10043
In base 15, what is -7285 - -3?
-7282
In base 13, what is -12275 + 3?
-12272
In base 12, what is -16a + -b28?
-1096
In base 12, what is 384 + -10?
374
In base 15, what is 6 - -5ae5?
5aeb
In base 3, what is -2202 + 12101?
2122
In base 6, what is 0 + -1432104?
-1432104
In base 11, what is a1 + 91?
182
In base 9, what is -7423 - 162?
-7585
In base 8, what is 11627 - -4?
11633
In base 14, what is -9d8 - -18?
-9c0
In base 7, what is 2 - 226604?
-226602
In base 11, what is -460 + -7?
-467
In base 16, what is 454d - 1?
454c
In base 9, what is -100 - -255?
155
In base 12, what is 809a80 + -2?
809a7a
In base 16, what is -3 + 16297?
16294
In base 15, what is 87b + 8?
884
In base 6, what is 434 - -154?
1032
In base 6, what is -312 + 43?
-225
In base 5, what is -100 + 20?
-30
In base 8, what is 135 + 2176?
2333
In base 15, what is -14 + 52d3?
52be
In base 9, what is -3648 + -150?
-3808
In base 2, what is -1101011011 - 1100011101?
-11001111000
In base 9, what is -2 - 508116?
-508118
In base 4, what is -1 - -1221313?
1221312
In base 7, what is 154 + 20062?
20246
In base 16, what is 2dd0 - 3?
2dcd
In base 15, what is -11208 - 1d?
-11226
In base 12, what is 4a - -759?
7a7
In base 5, what is 10 - -22244424?
22244434
In base 7, what is 22 + -26541?
-26516
In base 5, what is -14231 + 23402?
4121
In base 14, what is -24 - -4d9?
4b5
In base 4, what is -110211 + -11001?
-121212
In base 6, what is -2 - -13133432?
13133430
In base 5, what is 10 + -10433421?
-10433411
In base 5, what is 102 + -20100?
-14443
In base 8, what is 1623 - -27?
1652
In base 16, what is -108d + 5d?
-1030
In base 13, what is -171 - 1427?
-1598
In base 14, what is 5 - 857a9?
-857a4
In base 11, what is 5 - 42987?
-42982
In base 16, what is 3 - b107?
-b104
In base 14, what is 2 - 2690b?
-26909
In base 11, what is 0 - 128aa4?
-128aa4
In base 3, what is -110200 - 20012111?
-20200011
In base 3, what is -10200101111 - 0?
-10200101111
In base 2, what is 101100 + -1001011001?
-1000101101
In base 6, what is -30012 + -4?
-30020
In base 10, what is 24046 + -20?
24026
In base 6, what is 102211 + -323?
101444
In base 2, what is -100010011110000110 - 1?
-100010011110000111
In base 13, what is -1 + 28494?
28493
In base 16, what is 2208 - 18?
21f0
In base 16, what is 9 - 4087?
-407e
In base 14, what is 2 - 1a7c?
-1a7a
In base 7, what is -45 - 361355?
-361433
In base 16, what is 7e27 + 2?
7e29
In base 8, what is 156 + 22557?
22735
In base 13, what is 32 - -141?
173
In base 12, what is -5 - -5b077?
5b072
In base 16, what is -4 - -91a9?
91a5
In base 2, what is 111000100 - -10?
111000110
In base 12, what is 3a45 - 3?
3a42
In base 8, what is -370 + 1105?
515
In base 5, what is 20134 - -120402?
141041
In base 8, what is 7731 + 33?
7764
In base 10, what is -433 + 1405?
972
In base 15, what is 2 + 29ae?
29b1
In base 11, what is 440 - 149?
2a2
In base 7, what is 61266 + 100?
61366
In base 11, what is -1aa8203 - -1?
-1aa8202
In base 13, what is -6 + 45ab6?
45ab0
In base 5, what is 1024000303 - 1?
1024000302
In base 5, what is -444 + 11?
-433
In base 8, what is 735 + 2?
737
In base 9, what is 32670 + -1?
32668
In base 8, what is -105132 + 3?
-105127
In base 9, what is 17063 + 3?
17066
In base 14, what is -4 - -5588?
5584
In base 15, what is 5b3 + 0?
5b3
In base 9, what is 61 - 4617?
-4546
In base 10, what is 2 + 607743?
607745
In base 10, what is -1580 - 2217?
-3797
In base 12, what is -775 + -9?
-782
In base 12, what is -121 - b3?
-214
In base 9, what is -2 - 1515?
-1517
In base 10, what is -11 + 2902?
2891
In base 11, what is 0 - -2a5aa?
2a5aa
In base 12, what is -9 - -15a95?
15a88
In base 8, what is 10 - 40?
-30
In base 8, what is -1232 + 102?
-1130
In base 7, what is -11641 - 32?
-12003
In base 15, what is -461 - 5?
-466
In base 16, what is 0 + -617f?
-617f
In base 9, what is -22340 - -7?
-22332
In base 13, what is 4c - 4c4?
-475
In base 9, what is -432263 - -3?
-432260
In base 7, what is -403 - 544?
-1250
In base 2, what is -10111000010 - -101001?
-10110011001
In base 16, what is -1f62 + -4?
-1f66
In base 11, what is -1482 + -654?
-2026
In base 3, what is 11 - 100100001101?
-100100001020
In base 13, what is 4 - -18b942?
18b946
In base 7, what is 32324331 + 0?
32324331
In base 3, what is 100 + -112000222212?
-112000222112
In base 5, what is -2 + 10400431?
10400424
In base 8, what is -25 - -64444?
64417
In base 16, what is -7e + -20?
-9e
In base 9, what is -5 + -3820?
-3825
In base 10, what is 49 - 1700?
-1651
In base 14, what is -114 - 844?
-958
In base 13, what is 1896 - 8c?
1807
In base 9, what is -3 - 113236?
-113240
In base 11, what is -26 - -185?
15a
In base 4, what is -202 - -322230?
322022
In base 14, what is 1160 - 1c2?
d7c
In base 8, what is -3 + 6571?
6566
In base 13, what is 617 - -39c?
9b6
In base 13, what is -7 + -4409?
-4413
In base 10, what is -184837 + 0?
-184837
In base 3, what is -200111022 - 21?
-200111120
In base 2, what is -100111011010100010101 - 101?
-100111011010100011010
In base 4, what is 2 + -1000032?
-1000030
In base 12, what is -57 + 204?
169
In base 13, what is 15390 - -31?
153c1
In base 13, what is -2b870 - 5?
-2b875
In base 5, what is -4 - -301144?
301140
In base 9, what is 20 - -7334?
7354
In base 10, what is 35480 + 5?
35485
In base 10, what is 15 + -370?
-355
In base 2, what is -110 - -100111011110101?
100111011101111
In base 5, what is -4 + 1424114?
1424110
In base 2, what is 1010 - -10000100111000001?
10000100111001011
In base 5, what is -201014 - 1?
-201020
In base 5, what is -12 - -14004?
13442
In base 14, what is 24c - 18?
234
In base 16, what is 0 + -5301f?
-5301f
In base 10, what is 149 - -117?
266
In base 16, what is 0 + -f5803?
-f5803
In base 13, what is 938b9 - 5?
938b4
In base 8, what is -2254 + -70?
-2344
In base 11, wh